1 - 9. What is the remainder when 25 is divided by c/3*6 + 9?
12
Let b = 14 - -2. Calculate the remainder when b is divided by (-10)/25 - (-94)/10.
7
Suppose 0 = 5*l, 7*l - 3*l = -3*c. Suppose c*p - 3*p = -18. Let x = p + 18. Calculate the remainder when x is divided by 13.
11
Let k = 40 - 22. What is the remainder when k is divided by 4?
2
Let o be (-2 + 5/3)*-6. Suppose o*y = -0*y + 18. Suppose -3*w = -9*w + 30. Calculate the remainder when y is divided by w.
4
Let k(i) = 4*i - 7. What is the remainder when k(9) is divided by 15?
14
Let r = 18 - 18. Suppose -3*w - 2*w + 190 = r. Calculate the remainder when w is divided by 13.
12
Let j = -18 - -42. Calculate the remainder when j is divided by 7.
3
Let r(s) = 10*s - 6 - 6*s - 5. Let p be r(8). Let g = p + -8. What is the remainder when 38 is divided by g?
12
Let c(q) = -2*q**2 - q**3 + 2 + 0*q + 4*q**2 + 3*q. Calculate the remainder when 7 is divided by c(3).
1
Suppose 33 = -7*t + 173. Calculate the remainder when (-1)/(-3) + (-352)/(-6) is divided by t.
19
Let z = 25 + -19. Calculate the remainder when 17 is divided by z.
5
Let y = -154 - -167. Calculate the remainder when 90 is divided by y.
12
Let p = 7 - 3. Suppose p*u - u = 4*r - 80, -2*r - 5*u + 14 = 0. What is the remainder when 33 is divided by r?
16
Suppose 6*t - 3*t - 2*s = 146, -5*t + 244 = -3*s. Let l(y) = y + 68. Let p be l(0). Suppose p = 2*z + 2*z. Calculate the remainder when t is divided by z.
16
Let w = -19 + 43. Calculate the remainder when w is divided by (26/8)/((-1)/(-4)).
11
What is the remainder when 6/(-4)*(-464)/24 is divided by 8?
5
Let i(c) = 2*c**2 - 4*c - 16. Calculate the remainder when i(7) is divided by 14.
12
Let x = 12 - 4. Suppose 13 = g - 0. Calculate the remainder when g is divided by x.
5
Suppose -11 = -4*h + 5*d, -5*d + 8 = 4*h - 13. What is the remainder when 4 is divided by h?
0
Suppose 5*w = 68 - 18. Calculate the remainder when w is divided by 6.
4
Suppose 54 = 3*b - 9. Suppose -362*m = -359*m - 33. What is the remainder when b is divided by m?
10
Let t = 13 - 5. Calculate the remainder when t is divided by (-3)/8 - 35/(-8).
0
Suppose 0 = -2*l + 109 - 13. Calculate the remainder when l is divided by (-1 + 3)/((-2)/(-17)).
14
Let f = -6 - -15. What is the remainder when 15 is divided by f?
6
Suppose 0 = -5*v + 4*d + 114, 110 = 5*v - 0*v - 5*d. Let l = v - 15. Calculate the remainder when l is divided by 4.
3
Suppose 2*a - 3 = -1, 3*o - a - 149 = 0. Let k = o + -22. Let u = k + -13. Calculate the remainder when u is divided by 8.
7
Let m = 26 + -18. Suppose 9*v + m = 11*v. Calculate the remainder when 9 is divided by v.
1
Let h(a) = -16*a**3 - 3*a**2 - 2*a - 3. Let i be h(-2). Suppose -i = -n - 2*n. What is the remainder when n is divided by 20?
19
Suppose -3*i = -0*i. Suppose i*h - h + 36 = 0. What is the remainder when h is divided by (-174)/(-9) + (-1)/3?
17
Suppose 212 = 4*t - 0*v + 2*v, -5*v = 20. What is the remainder when t is divided by 15?
10
Let w be (118/8)/((-4)/(-16)). Let k = -26 + w. What is the remainder when k is divided by 9?
6
Suppose -20 = 3*g - 7*g. Let j(t) = t**2 - g*t**2 - 1 + 5*t**2. What is the remainder when 14 is divided by j(3)?
6
Suppose 0 = -4*x + 5*x + 4*j - 274, -4*x + 1118 = 5*j. What is the remainder when x is divided by 57?
54
Let l = -10 - -24. What is the remainder when (-16)/(-6) + (-1)/(-3) is divided by 0 + (-7)/(l/(-4))?
1
Let q(y) = -12 - 5 - 7*y + 19*y. What is the remainder when q(5) is divided by 9?
7
Let o = -3 + 8. Suppose 2*d - 2*l - 22 = -86, o*d + 188 = -2*l. Let t = -25 - d. What is the remainder when 41 is divided by t?
8
Suppose 0 = -4*h - 4*m + 36, -3*h + 2*h + 5*m - 9 = 0. Suppose h*p - 2*p - 120 = 0. Calculate the remainder when p is divided by 8.
6
Let g = -83 - -153. Suppose -4*w + p + g = 0, -p - 44 = -2*w - 5*p. Calculate the remainder when w is divided by 5.
3
Let c = 2 - -3. Suppose 0 = c*y - 46 - 9. Calculate the remainder when 32 is divided by y.
10
Let k = 12 + -21. What is the remainder when 3/k + 128/6 is divided by 11?
10
Suppose -4*a + 3*a + 27 = 2*r, -a - 5 = 0. Suppose 5*o - 79 - r = 0. Let l(i) = -i**3 + i**2 + i + 37. What is the remainder when l(0) is divided by o?
18
Let o(z) = -z**3 - 15*z**2 - 16*z + 5. What is the remainder when o(-14) is divided by 10?
3
Suppose 934 - 1384 = -10*r. Let f(d) = d**3 + 6*d**2 + 5*d. What is the remainder when r is divided by f(-4)?
9
Suppose q - 6 - 2 = 0. Let o(i) = 18*i**2 - 2*i + 3. Let f(w) = 19*w**2 - w + 2. Let t(s) = 3*f(s) - 2*o(s). What is the remainder when t(1) is divided by q?
6
Suppose 35 = 5*s - 5*y, -4*y - 7 - 11 = s. Suppose -v = -s*v + 50. Calculate the remainder when v is divided by 13.
11
Let u = 25 - 7. Suppose 15 = p + 2*p. Calculate the remainder when u is divided by p.
3
Suppose 61*y = 58*y + 48. What is the remainder when 60 is divided by y?
12
Let a = 15 - 21. Let o(p) = 2*p**2 + 9*p + 7. What is the remainder when 48 is divided by o(a)?
23
Suppose 136 = -5*b + 7*b. Calculate the remainder when b is divided by 14.
12
What is the remainder when 16 is divided by (-2 + (-4)/(-8))/(6/(-16))?
0
Suppose 20 = 6*j - 4*j. Let w = 24 - j. What is the remainder when 25 is divided by w?
11
Let z(h) = -h**2 - 5*h - 3. Let j(s) = s - 7. Calculate the remainder when j(11) is divided by z(-3).
1
Suppose 0 = 2*z - 3*a + 13, 2*z - 7*z = 2*a + 4. What is the remainder when -4 - 6/z - -35 is divided by 6?
4
Suppose -5*w + 10 + 5 = 0. Suppose g + 5*n = -18, 2*g + 0 + w = n. Let r(q) = -q**2 - 3*q + 4. Calculate the remainder when 10 is divided by r(g).
2
Let a = 1 - -1. Suppose 2*k = j + k - 12, -95 = -5*j - a*k. Suppose q - 6 - 27 = 0. What is the remainder when q is divided by j?
16
Let d(v) = v**2 - 3*v + 9. What is the remainder when 24 is divided by d(0)?
6
Let f = 0 + 17. Suppose -1 = -z + f. Calculate the remainder when 53 is divided by z.
17
Suppose 145 = 3*r - 2*r. What is the remainder when r is divided by 30?
25
Suppose 0*z + 2*z + 8 = 0. Calculate the remainder when 5/((-9)/z + -2) is divided by 13/2 - (-1)/2.
6
Let o = 159 - 4. Suppose -3*c + o = 2*c. Suppose 17 + 15 = 2*u. Calculate the remainder when c is divided by u.
15
Suppose -z = -2*z + 2. Suppose 5*j = -z + 12. What is the remainder when 3 is divided by j?
1
Suppose 0 = b - 0*b - 21. Let c = b + -13. Suppose 0 = -3*f + n + 68, -f - 112 = -6*f + 3*n. Calculate the remainder when f is divided by c.
7
Calculate the remainder when 39 is divided by ((-22)/(-1) - -2) + 1*-3.
18
Let a(r) = -6*r - 7. Let c be a(-3). Suppose 0 = -3*f + 19 + c. Let l = 13 - 7. What is the remainder when f is divided by l?
4
Let d(s) = -s**2 + 10*s - 7. Suppose j = -3*i + 15, 15 = 3*i - 3*j + 5*j. Calculate the remainder when d(i) is divided by 6/21 + (-99)/(-21).
3
Let t(o) = o + 31. Calculate the remainder when t(-14) is divided by 5.
2
Suppose 3*d + 2*h = -h + 33, 0 = -d + 4*h + 36. What is the remainder when d is divided by 9?
7
Let g = -1 - 2. Let w(i) = -i**3 - 2*i**2 + 2*i - 2. Let j be w(g). What is the remainder when 31 is divided by -2 - j*(-1 - 17)?
15
Suppose 0*z = -5*z + 150. Suppose 2*j = -0*j + 16. What is the remainder when z is divided by j?
6
Suppose -6 = 2*s, -2*z + 89 = -3*s - 36. What is the remainder when z is divided by 15?
13
Let o(g) = -g**3 + 13*g**2 + 15*g + 15. Calculate the remainder when o(14) is divided by 8.
5
Let c = 74 - 4. What is the remainder when c is divided by 18?
16
Let n be (-1)/2 + 11/2. Suppose 186 + 79 = n*i. What is the remainder when i is divided by 18?
17
Let q(b) = 2*b**2 + 6*b + 2. Let t be (6/(-4))/3*8. What is the remainder when q(t) is divided by 6?
4
Suppose g - 5 + 1 = 0, -5*g - 94 = -2*f. Calculate the remainder when f is divided by 15.
12
Let s(p) = -6*p - 9. Let c(x) = x**2. Let d(l) = c(l) + s(l). Let z = 46 - 28. Calculate the remainder when z is divided by d(8).
4
Suppose -4*v + 8 + 27 = -5*i, 0 = 4*v - 3*i - 45. What is the remainder when 28 is divided by v?
13
Let s(z) = z**3 - 6*z**2 + z - 3. Let r be s(6). Suppose 23 = -r*k - 10. Let c = k + 16. What is the remainder when 8 is divided by c?
3
Suppose 0 = -4*f - 13 + 77. Let q = -4 + f. What is the remainder when 35 is divided by q?
11
Let z be 100/6 - (-1)/3. Suppose 5*g - z - 33 = 0. Calculate the remainder when g is divided 